
7
Suppose -5*y - 7800 = -2*f, 3*f + 6023 - 17700 = -4*y. What is the thousands digit of f?
3
Let p(k) = 938*k - 4. Let u = 31 - 33. Let b be p(u). What is the units digit of b/(-36) - 4/18?
2
Let b be 1/(((-20)/(-150))/(1 - -1)). Let n be ((-6)/2 - 1)/(-16 + b). Suppose -j = -3*u - 151, n*j = u - 4*u + 634. What is the tens digit of j?
5
Suppose -5*x + 3*o = 6, 5*o - 7 = -2*x - 28. Let i(m) = -63*m - 12. What is the units digit of i(x)?
7
Let y(f) = -f**2 - 116*f + 580. What is the tens digit of y(-68)?
4
Let j = -328 - -1521. What is the units digit of (25/(-5) - 1) + j?
7
Suppose 8*h + 0 = -32. Let u(a) = -32*a**2 - 5*a + 10. Let g be u(4). What is the tens digit of (-20)/(-15)*g/h?
7
Let m(x) = 2*x**3 - 9*x**2 - x - 15. Let s be m(7). Let r = -182 + s. What is the tens digit of r?
4
Let f(v) = -2*v + 22. Let u be f(6). Suppose -3*o = -2*q - 2568, u*o - 8*o - 4*q = 1704. What is the tens digit of o?
5
Suppose 4*h - 41 = -5*t, -h - 27 = -3*t - 4*h. Suppose -140 = -5*o - t*b, 4*b + 70 = 2*o - b. Suppose v + o = 3*v. What is the units digit of v?
5
Let m(b) = -68*b - 142. Let y = -101 + 87. What is the hundreds digit of m(y)?
8
Suppose -15*m = 10*m - 257541 + 18841. What is the hundreds digit of m?
5
Let r be (2244/(-357))/(1*4/(-14)). Suppose 36*y = r*y + 24598. What is the thousands digit of y?
1
Let q be -9 + 5 - -3*(1 - 0). Let r be 1*(q - 2)*-1. Suppose 2*y - r*n - 115 = 0, -2*y + 0*n = -4*n - 120. What is the units digit of y?
0
Let x = 23090 - 10514. What is the ten thousands digit of x?
1
Let p(t) = -14*t**2 + 5*t - 4. Let u be p(2). Let g be (-388)/(-6) + u/75. Let z = g + -38. What is the tens digit of z?
2
Suppose -20*f + 8032 = 2632. Suppose m + f = 3*m + 2*l, -m - 3*l + 141 = 0. What is the units digit of m?
2
Let h(w) = -24 + 11*w + 4*w + 72 + 22. What is the hundreds digit of h(12)?
2
Suppose 0 = 2*r + 3*a - 3, 25 = 5*r + 5*a - a. Suppose -29 = -r*b - 11. Suppose -b*o + 100 = 3*z, 7*z + 5*o - 160 = 2*z. What is the units digit of z?
6
Suppose -x - 389362 = -4*b, 2*b - 80829 = 7*x + 113891. What is the units digit of b?
9
Let r(d) = -d - 7. Let h = -4 + 12. Let q be r(h). Let p = -2 - q. What is the units digit of p?
3
Let y(g) = 27*g + 15. Let b be y(0). Suppose 3*o = -b, 6*h + 4*o + 563 = 7*h. What is the tens digit of h?
4
What is the thousands digit of ((-10 - -48187) + -8)/(5 + 0 - 4)?
8
Let t(f) = f**2 - 25*f - 4003. What is the ten thousands digit of t(140)?
1
What is the hundreds digit of (26*(-1)/(-8))/((1197/53592)/57)?
2
Suppose u - 185 + 47 = -4*b, 4*u - b = 501. What is the tens digit of ((-1304)/10 - 0)/(u/(-315))?
2
Let z be -2 + 3 + 12/3. Suppose 10*n + 511 - 561 = 0. Suppose z*o - 5*p = 830, -506 = -3*o - n*p + 4*p. What is the tens digit of o?
6
Suppose 2*q - 3*g + 270 = 0, q = -3*q - g - 554. Let a = 249 + q. What is the tens digit of a?
1
Let s(f) = -1501*f - 3455. What is the tens digit of s(-34)?
7
Suppose 4*g + p = 22, -g + 0*p - 3*p + 11 = 0. Suppose 5*l + 4*c - 4915 = 0, 16 = -g*c + 41. What is the hundreds digit of l?
9
Let x be (2 - (1 + 0 - -1)) + 2. Suppose x*t = p - 1 + 9, -p - 5 = -t. What is the units digit of 18/10 - (-4)/60*t?
2
Let l be (1225/3)/(-5) - (-6)/9. Let y = l - -86. Suppose y*a - 35 = 50. What is the units digit of a?
7
Suppose 0 = 4*p - 4*h - 22276, 647*p = 645*p - h + 11114. What is the units digit of p?
1
Let q = -6973 - -10030. Suppose 26*z - 28*z - q = -5*n, n - 4*z - 615 = 0. What is the hundreds digit of n?
6
Let x = 266 + -130. Suppose -p - 2*q + x + 65 = 0, -2*p - 2*q + 406 = 0. What is the units digit of p?
5
What is the thousands digit of (12 - -10730) + 1 + 4?
0
Let a(x) = 78*x**2 - 8*x - 432. What is the units digit of a(21)?
8
Let r(x) = -8*x**3 - 2*x**2 + 2*x + 5. What is the thousands digit of r(-9)?
5
Let d be 2 + -4 + (-624 - -22). What is the hundreds digit of ((-24)/(-16) + -4)*d/5?
3
Suppose -5*c - 16 = -2*v, 2*v = 6*v - 4*c - 20. What is the hundreds digit of 1694/4 - v/2?
4
Let r(l) = l**3 + 31*l**2 - 38*l - 187. Let b be r(-32). Let a(o) be the second derivative of 11*o**3/3 - o**2/2 + o. What is the units digit of a(b)?
9
Suppose -2*p + 16 = -0*p. Suppose -3*n + 59 = p. Suppose 580 = -12*k + n*k. What is the units digit of k?
6
Suppose 0 = b - 5, 0*l + l + 3*b - 29 = 0. Suppose -3 = 5*m - 2*d - 2, -m + 5*d = l. What is the units digit of m*4 + -8 + 86?
2
Suppose -18*y + 28*y = 150. Suppose 9367 = 2*x + y*x. What is the hundreds digit of x?
5
Let n = -4402 - -9918. What is the tens digit of n?
1
Suppose a - 11088 = -2*a. What is the hundreds digit of a/9 + (-40)/(-30)?
4
Suppose 11*w = 16*w + 55*w - 901380. What is the ten thousands digit of w?
1
Suppose 143 = -3*x - 5*j + 1338, -x = 5*j - 405. Let p = x - -539. What is the hundreds digit of p?
9
What is the units digit of 66846/5 + ((-3)/20)/((-18)/(-24))?
9
What is the ten thousands digit of 150/825 - (-1291005)/55?
2
Suppose -d + 108847 = 3*y, -3*y - 14*d + 108877 = -19*d. What is the hundreds digit of y?
2
Suppose -1174130 = -175*p + 1554295. What is the units digit of p?
1
Let a = 17081 - 1388. What is the thousands digit of a?
5
What is the thousands digit of 4/14 - 10*1047356/(-665)?
5
Let h = 486 + -481. Let x(b) = 4*b**3 + 9*b**2 - 27*b - 16. What is the tens digit of x(h)?
7
Let q be 36/(-90) + 14/10 - -16. Let h(f) = -4*f - 4. Let g be h(-6). Suppose -39 = -g*t + q*t. What is the tens digit of t?
1
Let s = -193 - -199. Suppose 12038 = s*m + 1160. What is the units digit of m?
3
Suppose 86*a = 20*a + 125796. Let g = a + 206. What is the thousands digit of g?
2
Suppose -5*n - 512 = -532. Suppose -n*h = 2*l - 754, -h + 140 = -2*l - 41. What is the hundreds digit of h?
1
Suppose 0 = 89*k - 800556 + 980. What is the units digit of k?
4
What is the hundreds digit of ((-156)/(-36) - (-5)/30)*74?
3
Suppose 174*k = 199*k - 264050. What is the units digit of k?
2
Suppose -5*k + 9757 = -25*t + 29*t, -4*k + 4 = 0. What is the units digit of t?
8
What is the tens digit of 1554*((16 - 11) + -1 + 2)?
2
Suppose 2817*c - 2818*c = -36224. What is the tens digit of c?
2
Let k(w) = -w - 2. Let r be k(-10). Suppose 0 = p + 21 - 102. Let i = p + r. What is the tens digit of i?
8
Let x = 142305 - 93121. What is the tens digit of x?
8
Let j(c) = 185*c**2 + 271*c + 54. What is the thousands digit of j(-11)?
9
Let y = 192 - 193. What is the tens digit of 747 + (-6)/(-2) + (y - -2)?
5
Suppose -6802*r + 6829*r = 317439. What is the thousands digit of r?
1
Suppose 0 = 3*c - 2*r + 15, r = -4*c - 4*r - 20. Let s(l) = -l**3 - 7*l**2 - 10*l + 3. Let q be s(c). Suppose -7*i + q*i = -108. What is the tens digit of i?
2
Let q = 1735 + 3293. What is the thousands digit of q?
5
Suppose 0 = -2*d + 4 + 6. Let i be 16/(-4) + d - -3. Suppose i*k = -3*s + 144 + 311, -3*k = -5*s - 363. What is the units digit of k?
6
What is the hundreds digit of (-125682 - 0)*1*(-7 - 78/(-12))?
8
Suppose 4650 = 11*s - 35878 - 7839. What is the hundreds digit of s?
3
Let h be ((-11)/(-3) - 4)/(2/(-66)). Let n = 95 - h. Let r = n + -31. What is the units digit of r?
3
Let p(d) = 5074*d**2 - 1094*d - 3293. What is the units digit of p(-3)?
5
Let i(t) = -t**2 + 11*t - 18. Let f be i(2). Let j = -7 - -17. Suppose -m + 21 = -k + 6, f = -m - 4*k + j. What is the tens digit of m?
1
Suppose -k + 356 = -0*k + 3*f, 0 = 4*k - 5*f - 1441. Let a = 653 - k. What is the tens digit of a?
9
Suppose 2*y + 55 - 177 = 0. Let w = 145 - y. What is the units digit of w?
4
Let z be 16/4 + -3 - 57. Let p = 51 + z. What is the units digit of 1/(2/((-950)/p))?
5
Let v = -7 + -56. Let r be (v + 5)*3*-1 + -2. Suppose -r = 6*f - 10*f. What is the units digit of f?
3
Suppose -t + 48 = 5*u, 10 = -t + 5*u + 28. Suppose 41*g - 312 = t*g. What is the units digit of g?
9
Suppose 0 = 13*z - 9*z. Suppose 5*h - 824 - 926 = z. Let t = -171 + h. What is the units digit of t?
9
Suppose -5*v + 71*c = 67*c - 130125, v - 26025 = 5*c. What is the ten thousands digit of v?
2
Let l = 20 + -24. Let x(z) = -18*z - 1. Let i(w) = -55*w - 3. Let p(n) = l*i(n) + 11*x(n). What is the tens digit of p(5)?
1
Let x(h) = h**3 + 26*h**2 + 17*h - 55. Let q be x(-25). What is the tens digit of 1302/5 - 58/q?
6
Suppose 0 = 9*p + 27 - 63. Suppose 7 + 8 = 5*f, p*f = -4*z + 1300. What is the hundreds digit of z?
3
Suppos